{"version":"1.0","provider_name":"Marek Kuchci\u0144ski","provider_url":"https:\/\/marekkuchcinski.pl\/sk","title":"Dajmy lepsz\u0105 perspektyw\u0119 dzieciom z autyzmem &#8211; Marek Kuchci\u0144ski","type":"rich","width":600,"height":338,"html":"<blockquote class=\"wp-embedded-content\" data-secret=\"LZaD6sWjyD\"><a href=\"https:\/\/marekkuchcinski.pl\/sk\/wydarzenia\/dajmy-lepsza-perspektywe-dzieciom-z-autyzmem\/\">Dajmy lepsz\u0105 perspektyw\u0119 dzieciom z autyzmem<\/a><\/blockquote><iframe sandbox=\"allow-scripts\" security=\"restricted\" src=\"https:\/\/marekkuchcinski.pl\/sk\/wydarzenia\/dajmy-lepsza-perspektywe-dzieciom-z-autyzmem\/embed\/#?secret=LZaD6sWjyD\" width=\"600\" height=\"338\" title=\"&#8220;Dajmy lepsz\u0105 perspektyw\u0119 dzieciom z autyzmem&#8221; &#8212; Marek Kuchci\u0144ski\" data-secret=\"LZaD6sWjyD\" frameborder=\"0\" marginwidth=\"0\" marginheight=\"0\" scrolling=\"no\" class=\"wp-embedded-content\"><\/iframe><script>\n\/*! This file is auto-generated *\/\n!function(d,l){\"use strict\";l.querySelector&&d.addEventListener&&\"undefined\"!=typeof URL&&(d.wp=d.wp||{},d.wp.receiveEmbedMessage||(d.wp.receiveEmbedMessage=function(e){var t=e.data;if((t||t.secret||t.message||t.value)&&!\/[^a-zA-Z0-9]\/.test(t.secret)){for(var s,r,n,a=l.querySelectorAll('iframe[data-secret=\"'+t.secret+'\"]'),o=l.querySelectorAll('blockquote[data-secret=\"'+t.secret+'\"]'),c=new RegExp(\"^https?:$\",\"i\"),i=0;i<o.length;i++)o[i].style.display=\"none\";for(i=0;i<a.length;i++)s=a[i],e.source===s.contentWindow&&(s.removeAttribute(\"style\"),\"height\"===t.message?(1e3<(r=parseInt(t.value,10))?r=1e3:~~r<200&&(r=200),s.height=r):\"link\"===t.message&&(r=new URL(s.getAttribute(\"src\")),n=new URL(t.value),c.test(n.protocol))&&n.host===r.host&&l.activeElement===s&&(d.top.location.href=t.value))}},d.addEventListener(\"message\",d.wp.receiveEmbedMessage,!1),l.addEventListener(\"DOMContentLoaded\",function(){for(var e,t,s=l.querySelectorAll(\"iframe.wp-embedded-content\"),r=0;r<s.length;r++)(t=(e=s[r]).getAttribute(\"data-secret\"))||(t=Math.random().toString(36).substring(2,12),e.src+=\"#?secret=\"+t,e.setAttribute(\"data-secret\",t)),e.contentWindow.postMessage({message:\"ready\",secret:t},\"*\")},!1)))}(window,document);\n<\/script>","thumbnail_url":"https:\/\/marekkuchcinski.pl\/wp-content\/uploads\/2023\/05\/40016f64-a437-47df-bfec-2f965e73f535.jpeg","thumbnail_width":1534,"thumbnail_height":900,"description":"Autyzm nie mo\u017ce by\u0107 pi\u0119tnem. To szczeg\u00f3lny dar, kt\u00f3ry wymaga troski, serdeczno\u015bci i wsparcia. Przyk\u0142adem takiej otwarto\u015bci by\u0142 przemyski piknik integracyjnego pod has\u0142em \u201eMam autyzm, rodzin\u0119 i przyjaci\u00f3\u0142\u201d. Szef kancelarii premiera Marek Kuchci\u0144ski, przywi\u00f3z\u0142 przedszkolakom pluszaki. Jest w nas coraz wi\u0119ksza \u015bwiadomo\u015b\u0107 potrzeby w\u0142\u0105czania do aktywnej spo\u0142eczno\u015bci os\u00f3b ze spektrum autyzmu. Rol\u0105 pa\u0144stwa jest w\u0142a\u015bnie [&hellip;]"}

Marek Kuchciński

Dajmy lepszą perspektywę dzieciom z autyzmem &#8211; Marek Kuchciński

<blockquote class="wp-embedded-content" data-secret="LZaD6sWjyD"><a href="https://marekkuchcinski.pl/sk/wydarzenia/dajmy-lepsza-perspektywe-dzieciom-z-autyzmem/">Dajmy lepszą perspektywę dzieciom z autyzmem</a></blockquote><iframe sandbox="allow-scripts" security="restricted" src="https://marekkuchcinski.pl/sk/wydarzenia/dajmy-lepsza-perspektywe-dzieciom-z-autyzmem/embed/#?secret=LZaD6sWjyD" width="600" height="338" title="&#8220;Dajmy lepszą perspektywę dzieciom z autyzmem&#8221; &#8212; Marek Kuchciński" data-secret="LZaD6sWjyD" frameborder="0" marginwidth="0" marginheight="0" scrolling="no" class="wp-embedded-content"></iframe><script>
/*! This file is auto-generated */
!function(d,l){"use strict";l.querySelector&&d.addEventListener&&"undefined"!=typeof URL&&(d.wp=d.wp||{},d.wp.receiveEmbedMessage||(d.wp.receiveEmbedMessage=function(e){var t=e.data;if((t||t.secret||t.message||t.value)&&!/[^a-zA-Z0-9]/.test(t.secret)){for(var s,r,n,a=l.querySelectorAll('iframe[data-secret="'+t.secret+'"]'),o=l.querySelectorAll('blockquote[data-secret="'+t.secret+'"]'),c=new RegExp("^https?:$","i"),i=0;i<o.length;i++)o[i].style.display="none";for(i=0;i<a.length;i++)s=a[i],e.source===s.contentWindow&&(s.removeAttribute("style"),"height"===t.message?(1e3<(r=parseInt(t.value,10))?r=1e3:~~r<200&&(r=200),s.height=r):"link"===t.message&&(r=new URL(s.getAttribute("src")),n=new URL(t.value),c.test(n.protocol))&&n.host===r.host&&l.activeElement===s&&(d.top.location.href=t.value))}},d.addEventListener("message",d.wp.receiveEmbedMessage,!1),l.addEventListener("DOMContentLoaded",function(){for(var e,t,s=l.querySelectorAll("iframe.wp-embedded-content"),r=0;r<s.length;r++)(t=(e=s[r]).getAttribute("data-secret"))||(t=Math.random().toString(36).substring(2,12),e.src+="#?secret="+t,e.setAttribute("data-secret",t)),e.contentWindow.postMessage({message:"ready",secret:t},"*")},!1)))}(window,document);
</script>

Autyzm nie może być piętnem. To szczególny dar, który wymaga troski, serdeczności i wsparcia. Przykładem takiej otwartości był przemyski piknik integracyjnego pod hasłem „Mam autyzm, rodzinę i przyjaciół”. Szef kancelarii premiera Marek Kuchciński, przywiózł przedszkolakom pluszaki. Jest w nas coraz większa świadomość potrzeby włączania do aktywnej społeczności osób ze spektrum autyzmu. Rolą państwa jest właśnie [&hellip;]
