{"version":"1.0","provider_name":"Marek Kuchci\u0144ski","provider_url":"https:\/\/marekkuchcinski.pl\/ro","title":"Rz\u0105d przekazuje na wiejskie szko\u0142y coraz mniej pieni\u0119dzy &#8211; Marek Kuchci\u0144ski","type":"rich","width":600,"height":338,"html":"<blockquote class=\"wp-embedded-content\" data-secret=\"iEvTPJmMtb\"><a href=\"https:\/\/marekkuchcinski.pl\/ro\/wydarzenia\/rzad-oszczedza-na-oswiacie\/\">Guvernul ofer\u0103 tot mai pu\u021bini bani pentru \u0219colile din mediul rural<\/a><\/blockquote><iframe sandbox=\"allow-scripts\" security=\"restricted\" src=\"https:\/\/marekkuchcinski.pl\/ro\/wydarzenia\/rzad-oszczedza-na-oswiacie\/embed\/#?secret=iEvTPJmMtb\" width=\"600\" height=\"338\" title=\"&#8220;Rz\u0105d przekazuje na wiejskie szko\u0142y coraz mniej pieni\u0119dzy&#8221; &#8212; Marek Kuchci\u0144ski\" data-secret=\"iEvTPJmMtb\" frameborder=\"0\" marginwidth=\"0\" marginheight=\"0\" scrolling=\"no\" class=\"wp-embedded-content\"><\/iframe><script>\n\/*! This file is auto-generated *\/\n!function(d,l){\"use strict\";l.querySelector&&d.addEventListener&&\"undefined\"!=typeof URL&&(d.wp=d.wp||{},d.wp.receiveEmbedMessage||(d.wp.receiveEmbedMessage=function(e){var t=e.data;if((t||t.secret||t.message||t.value)&&!\/[^a-zA-Z0-9]\/.test(t.secret)){for(var s,r,n,a=l.querySelectorAll('iframe[data-secret=\"'+t.secret+'\"]'),o=l.querySelectorAll('blockquote[data-secret=\"'+t.secret+'\"]'),c=new RegExp(\"^https?:$\",\"i\"),i=0;i<o.length;i++)o[i].style.display=\"none\";for(i=0;i<a.length;i++)s=a[i],e.source===s.contentWindow&&(s.removeAttribute(\"style\"),\"height\"===t.message?(1e3<(r=parseInt(t.value,10))?r=1e3:~~r<200&&(r=200),s.height=r):\"link\"===t.message&&(r=new URL(s.getAttribute(\"src\")),n=new URL(t.value),c.test(n.protocol))&&n.host===r.host&&l.activeElement===s&&(d.top.location.href=t.value))}},d.addEventListener(\"message\",d.wp.receiveEmbedMessage,!1),l.addEventListener(\"DOMContentLoaded\",function(){for(var e,t,s=l.querySelectorAll(\"iframe.wp-embedded-content\"),r=0;r<s.length;r++)(t=(e=s[r]).getAttribute(\"data-secret\"))||(t=Math.random().toString(36).substring(2,12),e.src+=\"#?secret=\"+t,e.setAttribute(\"data-secret\",t)),e.contentWindow.postMessage({message:\"ready\",secret:t},\"*\")},!1)))}(window,document);\n<\/script>","description":"Samorz\u0105dy gminne zmuszone s\u0105 likwidowa\u0107 coraz wi\u0119cej plac\u00f3wek. Wicemarsza\u0142ek Kuchci\u0144ski otrzymuje liczne interwencje w&nbsp;tej sprawie. Skierowa\u0142 w zwi\u0105zku z tym do Minister Edukacji Narodowej zapytanie, czy gminy na wsiach b\u0119d\u0105 otrzymywa\u0107 tyle pieni\u0119dzy, aby wystarczy\u0142o na rzeczywiste potrzeby szk\u00f3\u0142 oraz na wydatki wynikaj\u0105ce z Karty Nauczyciela. &nbsp; Zbyt niskie finansowanie edukacji jest kolejnym krokiem w [&hellip;]","thumbnail_url":"https:\/\/marekkuchcinski.pl\/wp-content\/uploads\/2022\/09\/Marek.jpg","thumbnail_width":1600,"thumbnail_height":971}

Marek Kuchciński

Rząd przekazuje na wiejskie szkoły coraz mniej pieniędzy &#8211; Marek Kuchciński

<blockquote class="wp-embedded-content" data-secret="iEvTPJmMtb"><a href="https://marekkuchcinski.pl/ro/wydarzenia/rzad-oszczedza-na-oswiacie/">Guvernul oferă tot mai puțini bani pentru școlile din mediul rural</a></blockquote><iframe sandbox="allow-scripts" security="restricted" src="https://marekkuchcinski.pl/ro/wydarzenia/rzad-oszczedza-na-oswiacie/embed/#?secret=iEvTPJmMtb" width="600" height="338" title="&#8220;Rząd przekazuje na wiejskie szkoły coraz mniej pieniędzy&#8221; &#8212; Marek Kuchciński" data-secret="iEvTPJmMtb" frameborder="0" marginwidth="0" marginheight="0" scrolling="no" class="wp-embedded-content"></iframe><script>
/*! This file is auto-generated */
!function(d,l){"use strict";l.querySelector&&d.addEventListener&&"undefined"!=typeof URL&&(d.wp=d.wp||{},d.wp.receiveEmbedMessage||(d.wp.receiveEmbedMessage=function(e){var t=e.data;if((t||t.secret||t.message||t.value)&&!/[^a-zA-Z0-9]/.test(t.secret)){for(var s,r,n,a=l.querySelectorAll('iframe[data-secret="'+t.secret+'"]'),o=l.querySelectorAll('blockquote[data-secret="'+t.secret+'"]'),c=new RegExp("^https?:$","i"),i=0;i<o.length;i++)o[i].style.display="none";for(i=0;i<a.length;i++)s=a[i],e.source===s.contentWindow&&(s.removeAttribute("style"),"height"===t.message?(1e3<(r=parseInt(t.value,10))?r=1e3:~~r<200&&(r=200),s.height=r):"link"===t.message&&(r=new URL(s.getAttribute("src")),n=new URL(t.value),c.test(n.protocol))&&n.host===r.host&&l.activeElement===s&&(d.top.location.href=t.value))}},d.addEventListener("message",d.wp.receiveEmbedMessage,!1),l.addEventListener("DOMContentLoaded",function(){for(var e,t,s=l.querySelectorAll("iframe.wp-embedded-content"),r=0;r<s.length;r++)(t=(e=s[r]).getAttribute("data-secret"))||(t=Math.random().toString(36).substring(2,12),e.src+="#?secret="+t,e.setAttribute("data-secret",t)),e.contentWindow.postMessage({message:"ready",secret:t},"*")},!1)))}(window,document);
</script>

Samorządy gminne zmuszone są likwidować coraz więcej placówek. Wicemarszałek Kuchciński otrzymuje liczne interwencje w&nbsp;tej sprawie. Skierował w związku z tym do Minister Edukacji Narodowej zapytanie, czy gminy na wsiach będą otrzymywać tyle pieniędzy, aby wystarczyło na rzeczywiste potrzeby szkół oraz na wydatki wynikające z Karty Nauczyciela. &nbsp; Zbyt niskie finansowanie edukacji jest kolejnym krokiem w [&hellip;]
