{"version":"1.0","provider_name":"Marek Kuchci\u0144ski","provider_url":"https:\/\/marekkuchcinski.pl\/ro","title":"25 lat temu Lech Kaczy\u0144ski zosta\u0142 prezesem NIK &#8211; Marek Kuchci\u0144ski","type":"rich","width":600,"height":338,"html":"<blockquote class=\"wp-embedded-content\" data-secret=\"foQejIlcmq\"><a href=\"https:\/\/marekkuchcinski.pl\/ro\/wazne-daty\/25-temu-lech-kaczynski-zostal-prezesem-nik\/\">\u00cen urm\u0103 cu 25 de ani, Lech Kaczy\u0144ski a devenit pre\u0219edinte al NIK<\/a><\/blockquote><iframe sandbox=\"allow-scripts\" security=\"restricted\" src=\"https:\/\/marekkuchcinski.pl\/ro\/wazne-daty\/25-temu-lech-kaczynski-zostal-prezesem-nik\/embed\/#?secret=foQejIlcmq\" width=\"600\" height=\"338\" title=\"&#8220;25 lat temu Lech Kaczy\u0144ski zosta\u0142 prezesem NIK&#8221; &#8212; Marek Kuchci\u0144ski\" data-secret=\"foQejIlcmq\" frameborder=\"0\" marginwidth=\"0\" marginheight=\"0\" scrolling=\"no\" class=\"wp-embedded-content\"><\/iframe><script>\n\/*! This file is auto-generated *\/\n!function(d,l){\"use strict\";l.querySelector&&d.addEventListener&&\"undefined\"!=typeof URL&&(d.wp=d.wp||{},d.wp.receiveEmbedMessage||(d.wp.receiveEmbedMessage=function(e){var t=e.data;if((t||t.secret||t.message||t.value)&&!\/[^a-zA-Z0-9]\/.test(t.secret)){for(var s,r,n,a=l.querySelectorAll('iframe[data-secret=\"'+t.secret+'\"]'),o=l.querySelectorAll('blockquote[data-secret=\"'+t.secret+'\"]'),c=new RegExp(\"^https?:$\",\"i\"),i=0;i<o.length;i++)o[i].style.display=\"none\";for(i=0;i<a.length;i++)s=a[i],e.source===s.contentWindow&&(s.removeAttribute(\"style\"),\"height\"===t.message?(1e3<(r=parseInt(t.value,10))?r=1e3:~~r<200&&(r=200),s.height=r):\"link\"===t.message&&(r=new URL(s.getAttribute(\"src\")),n=new URL(t.value),c.test(n.protocol))&&n.host===r.host&&l.activeElement===s&&(d.top.location.href=t.value))}},d.addEventListener(\"message\",d.wp.receiveEmbedMessage,!1),l.addEventListener(\"DOMContentLoaded\",function(){for(var e,t,s=l.querySelectorAll(\"iframe.wp-embedded-content\"),r=0;r<s.length;r++)(t=(e=s[r]).getAttribute(\"data-secret\"))||(t=Math.random().toString(36).substring(2,12),e.src+=\"#?secret=\"+t,e.setAttribute(\"data-secret\",t)),e.contentWindow.postMessage({message:\"ready\",secret:t},\"*\")},!1)))}(window,document);\n<\/script>","thumbnail_url":"https:\/\/marekkuchcinski.pl\/wp-content\/uploads\/2017\/02\/Lech_Kaczynski_2008_03.jpg","thumbnail_width":515,"thumbnail_height":430,"description":"Prezesem NIK Lech Kaczy\u0144ski by\u0142\u00a0od 1992 do 1995 roku. W trakcie sprawowanej przez niego kadencji zaufanie spo\u0142eczne do NIK wzros\u0142o z 30 do 60 proc. W tym czasie, pod patronatem NIK organizowano tzw. sympozja falzmannowskie (nazwa pochodzi od nazwiska Micha\u0142a Falzmanna, kontrolera Izby, kt\u00f3ry wykry\u0142 afer\u0119 FOZZ). By\u0142 autorem ustawy o NIK z 1994 r., [&hellip;]"}

Marek Kuchciński

25 lat temu Lech Kaczyński został prezesem NIK &#8211; Marek Kuchciński

<blockquote class="wp-embedded-content" data-secret="foQejIlcmq"><a href="https://marekkuchcinski.pl/ro/wazne-daty/25-temu-lech-kaczynski-zostal-prezesem-nik/">În urmă cu 25 de ani, Lech Kaczyński a devenit președinte al NIK</a></blockquote><iframe sandbox="allow-scripts" security="restricted" src="https://marekkuchcinski.pl/ro/wazne-daty/25-temu-lech-kaczynski-zostal-prezesem-nik/embed/#?secret=foQejIlcmq" width="600" height="338" title="&#8220;25 lat temu Lech Kaczyński został prezesem NIK&#8221; &#8212; Marek Kuchciński" data-secret="foQejIlcmq" frameborder="0" marginwidth="0" marginheight="0" scrolling="no" class="wp-embedded-content"></iframe><script>
/*! This file is auto-generated */
!function(d,l){"use strict";l.querySelector&&d.addEventListener&&"undefined"!=typeof URL&&(d.wp=d.wp||{},d.wp.receiveEmbedMessage||(d.wp.receiveEmbedMessage=function(e){var t=e.data;if((t||t.secret||t.message||t.value)&&!/[^a-zA-Z0-9]/.test(t.secret)){for(var s,r,n,a=l.querySelectorAll('iframe[data-secret="'+t.secret+'"]'),o=l.querySelectorAll('blockquote[data-secret="'+t.secret+'"]'),c=new RegExp("^https?:$","i"),i=0;i<o.length;i++)o[i].style.display="none";for(i=0;i<a.length;i++)s=a[i],e.source===s.contentWindow&&(s.removeAttribute("style"),"height"===t.message?(1e3<(r=parseInt(t.value,10))?r=1e3:~~r<200&&(r=200),s.height=r):"link"===t.message&&(r=new URL(s.getAttribute("src")),n=new URL(t.value),c.test(n.protocol))&&n.host===r.host&&l.activeElement===s&&(d.top.location.href=t.value))}},d.addEventListener("message",d.wp.receiveEmbedMessage,!1),l.addEventListener("DOMContentLoaded",function(){for(var e,t,s=l.querySelectorAll("iframe.wp-embedded-content"),r=0;r<s.length;r++)(t=(e=s[r]).getAttribute("data-secret"))||(t=Math.random().toString(36).substring(2,12),e.src+="#?secret="+t,e.setAttribute("data-secret",t)),e.contentWindow.postMessage({message:"ready",secret:t},"*")},!1)))}(window,document);
</script>

Prezesem NIK Lech Kaczyński był od 1992 do 1995 roku. W trakcie sprawowanej przez niego kadencji zaufanie społeczne do NIK wzrosło z 30 do 60 proc. W tym czasie, pod patronatem NIK organizowano tzw. sympozja falzmannowskie (nazwa pochodzi od nazwiska Michała Falzmanna, kontrolera Izby, który wykrył aferę FOZZ). Był autorem ustawy o NIK z 1994 r., [&hellip;]
