{"version":"1.0","provider_name":"Marek Kuchci\u0144ski","provider_url":"https:\/\/marekkuchcinski.pl\/hu","title":"Polskie pomniki w Budapeszcie &#8211; Marek Kuchci\u0144ski","type":"rich","width":600,"height":338,"html":"<blockquote class=\"wp-embedded-content\" data-secret=\"4mqn7WNc1Q\"><a href=\"https:\/\/marekkuchcinski.pl\/hu\/wydarzenia\/polskie-pomniki-w-budapeszcie\/\">Lengyel m\u0171eml\u00e9kek Budapesten<\/a><\/blockquote><iframe sandbox=\"allow-scripts\" security=\"restricted\" src=\"https:\/\/marekkuchcinski.pl\/hu\/wydarzenia\/polskie-pomniki-w-budapeszcie\/embed\/#?secret=4mqn7WNc1Q\" width=\"600\" height=\"338\" title=\"&#8220;Polskie pomniki w Budapeszcie&#8221; &#8212; Marek Kuchci\u0144ski\" data-secret=\"4mqn7WNc1Q\" frameborder=\"0\" marginwidth=\"0\" marginheight=\"0\" scrolling=\"no\" class=\"wp-embedded-content\"><\/iframe><script>\n\/*! This file is auto-generated *\/\n!function(d,l){\"use strict\";l.querySelector&&d.addEventListener&&\"undefined\"!=typeof URL&&(d.wp=d.wp||{},d.wp.receiveEmbedMessage||(d.wp.receiveEmbedMessage=function(e){var t=e.data;if((t||t.secret||t.message||t.value)&&!\/[^a-zA-Z0-9]\/.test(t.secret)){for(var s,r,n,a=l.querySelectorAll('iframe[data-secret=\"'+t.secret+'\"]'),o=l.querySelectorAll('blockquote[data-secret=\"'+t.secret+'\"]'),c=new RegExp(\"^https?:$\",\"i\"),i=0;i<o.length;i++)o[i].style.display=\"none\";for(i=0;i<a.length;i++)s=a[i],e.source===s.contentWindow&&(s.removeAttribute(\"style\"),\"height\"===t.message?(1e3<(r=parseInt(t.value,10))?r=1e3:~~r<200&&(r=200),s.height=r):\"link\"===t.message&&(r=new URL(s.getAttribute(\"src\")),n=new URL(t.value),c.test(n.protocol))&&n.host===r.host&&l.activeElement===s&&(d.top.location.href=t.value))}},d.addEventListener(\"message\",d.wp.receiveEmbedMessage,!1),l.addEventListener(\"DOMContentLoaded\",function(){for(var e,t,s=l.querySelectorAll(\"iframe.wp-embedded-content\"),r=0;r<s.length;r++)(t=(e=s[r]).getAttribute(\"data-secret\"))||(t=Math.random().toString(36).substring(2,12),e.src+=\"#?secret=\"+t,e.setAttribute(\"data-secret\",t)),e.contentWindow.postMessage({message:\"ready\",secret:t},\"*\")},!1)))}(window,document);\n<\/script>","thumbnail_url":"https:\/\/marekkuchcinski.pl\/wp-content\/uploads\/2022\/07\/pap_20170626_12F.jpg","thumbnail_width":800,"thumbnail_height":555,"description":"Mo\u017cna si\u0119 zastanawia\u0107, co znaczy \u201epolskie pomniki\u201d, i klasyfikowa\u0107 je wed\u0142ug r\u00f3\u017cnych kryteri\u00f3w. Warto jednak \u2013 spogl\u0105daj\u0105c na nie \u2013 zdawa\u0107 sobie spraw\u0119 z tego, jak wa\u017cn\u0105 rol\u0119 odgrywaj\u0105 w budapeszte\u0144skim pejza\u017cu. Wro\u015bni\u0119te w panoram\u0119 stolicy W\u0119gier, opowiadaj\u0105 histori\u0119 i akcentuj\u0105 jej postaci i epizody, kt\u00f3re, zdaniem w\u0142adz, nale\u017cy eksponowa\u0107. Dla okolicznych mieszka\u0144c\u00f3w i turyst\u00f3w [&hellip;]"}

Marek Kuchciński

Polskie pomniki w Budapeszcie &#8211; Marek Kuchciński

<blockquote class="wp-embedded-content" data-secret="4mqn7WNc1Q"><a href="https://marekkuchcinski.pl/hu/wydarzenia/polskie-pomniki-w-budapeszcie/">Lengyel műemlékek Budapesten</a></blockquote><iframe sandbox="allow-scripts" security="restricted" src="https://marekkuchcinski.pl/hu/wydarzenia/polskie-pomniki-w-budapeszcie/embed/#?secret=4mqn7WNc1Q" width="600" height="338" title="&#8220;Polskie pomniki w Budapeszcie&#8221; &#8212; Marek Kuchciński" data-secret="4mqn7WNc1Q" frameborder="0" marginwidth="0" marginheight="0" scrolling="no" class="wp-embedded-content"></iframe><script>
/*! This file is auto-generated */
!function(d,l){"use strict";l.querySelector&&d.addEventListener&&"undefined"!=typeof URL&&(d.wp=d.wp||{},d.wp.receiveEmbedMessage||(d.wp.receiveEmbedMessage=function(e){var t=e.data;if((t||t.secret||t.message||t.value)&&!/[^a-zA-Z0-9]/.test(t.secret)){for(var s,r,n,a=l.querySelectorAll('iframe[data-secret="'+t.secret+'"]'),o=l.querySelectorAll('blockquote[data-secret="'+t.secret+'"]'),c=new RegExp("^https?:$","i"),i=0;i<o.length;i++)o[i].style.display="none";for(i=0;i<a.length;i++)s=a[i],e.source===s.contentWindow&&(s.removeAttribute("style"),"height"===t.message?(1e3<(r=parseInt(t.value,10))?r=1e3:~~r<200&&(r=200),s.height=r):"link"===t.message&&(r=new URL(s.getAttribute("src")),n=new URL(t.value),c.test(n.protocol))&&n.host===r.host&&l.activeElement===s&&(d.top.location.href=t.value))}},d.addEventListener("message",d.wp.receiveEmbedMessage,!1),l.addEventListener("DOMContentLoaded",function(){for(var e,t,s=l.querySelectorAll("iframe.wp-embedded-content"),r=0;r<s.length;r++)(t=(e=s[r]).getAttribute("data-secret"))||(t=Math.random().toString(36).substring(2,12),e.src+="#?secret="+t,e.setAttribute("data-secret",t)),e.contentWindow.postMessage({message:"ready",secret:t},"*")},!1)))}(window,document);
</script>

Można się zastanawiać, co znaczy „polskie pomniki”, i klasyfikować je według różnych kryteriów. Warto jednak – spoglądając na nie – zdawać sobie sprawę z tego, jak ważną rolę odgrywają w budapeszteńskim pejzażu. Wrośnięte w panoramę stolicy Węgier, opowiadają historię i akcentują jej postaci i epizody, które, zdaniem władz, należy eksponować. Dla okolicznych mieszkańców i turystów [&hellip;]
