{"version":"1.0","provider_name":"Marek Kuchci\u0144ski","provider_url":"https:\/\/marekkuchcinski.pl\/hu","title":"1 czerwca &#8211; Marek Kuchci\u0144ski","type":"rich","width":600,"height":338,"html":"<blockquote class=\"wp-embedded-content\" data-secret=\"ToH16jQIqg\"><a href=\"https:\/\/marekkuchcinski.pl\/hu\/kalendarium\/1-czerwca\/\">j\u00fanius 1.<\/a><\/blockquote><iframe sandbox=\"allow-scripts\" security=\"restricted\" src=\"https:\/\/marekkuchcinski.pl\/hu\/kalendarium\/1-czerwca\/embed\/#?secret=ToH16jQIqg\" width=\"600\" height=\"338\" title=\"&#8220;1 czerwca&#8221; &#8212; Marek Kuchci\u0144ski\" data-secret=\"ToH16jQIqg\" frameborder=\"0\" marginwidth=\"0\" marginheight=\"0\" scrolling=\"no\" class=\"wp-embedded-content\"><\/iframe><script>\n\/*! This file is auto-generated *\/\n!function(d,l){\"use strict\";l.querySelector&&d.addEventListener&&\"undefined\"!=typeof URL&&(d.wp=d.wp||{},d.wp.receiveEmbedMessage||(d.wp.receiveEmbedMessage=function(e){var t=e.data;if((t||t.secret||t.message||t.value)&&!\/[^a-zA-Z0-9]\/.test(t.secret)){for(var s,r,n,a=l.querySelectorAll('iframe[data-secret=\"'+t.secret+'\"]'),o=l.querySelectorAll('blockquote[data-secret=\"'+t.secret+'\"]'),c=new RegExp(\"^https?:$\",\"i\"),i=0;i<o.length;i++)o[i].style.display=\"none\";for(i=0;i<a.length;i++)s=a[i],e.source===s.contentWindow&&(s.removeAttribute(\"style\"),\"height\"===t.message?(1e3<(r=parseInt(t.value,10))?r=1e3:~~r<200&&(r=200),s.height=r):\"link\"===t.message&&(r=new URL(s.getAttribute(\"src\")),n=new URL(t.value),c.test(n.protocol))&&n.host===r.host&&l.activeElement===s&&(d.top.location.href=t.value))}},d.addEventListener(\"message\",d.wp.receiveEmbedMessage,!1),l.addEventListener(\"DOMContentLoaded\",function(){for(var e,t,s=l.querySelectorAll(\"iframe.wp-embedded-content\"),r=0;r<s.length;r++)(t=(e=s[r]).getAttribute(\"data-secret\"))||(t=Math.random().toString(36).substring(2,12),e.src+=\"#?secret=\"+t,e.setAttribute(\"data-secret\",t)),e.contentWindow.postMessage({message:\"ready\",secret:t},\"*\")},!1)))}(window,document);\n<\/script>","description":"Posiedzenie Sejmu Dzieci i M\u0142odzie\u017c. &nbsp; Rocznica&nbsp; wymordowania przez hitlerowc\u00f3w ok. 200 mieszka\u0144c\u00f3w wsi Sochy, wojew\u00f3dztwo lubelskie (1943 r.). &nbsp; Rocznica urodzin Wasyla We\u0142yczkowskiego CSsR&nbsp; (ur. w Stanis\u0142awowie &#8211; zm. 30 czerwca 1973 w Winnipeg) \u2013 ukrai\u0144skiego duchownego katolickiego obrz\u0105dku bizantyjsko-ukrai\u0144skiego, redemptorysty, B\u0142ogos\u0142awionego Ko\u015bcio\u0142a Katolickiego. W 1920 wst\u0105pi\u0142 do Seminarium Duchownego we Lwowie. W 1925 [&hellip;]","thumbnail_url":"https:\/\/marekkuchcinski.pl\/wp-content\/uploads\/2022\/09\/Marek.jpg","thumbnail_width":1600,"thumbnail_height":971}

Marek Kuchciński

1 czerwca &#8211; Marek Kuchciński

<blockquote class="wp-embedded-content" data-secret="ToH16jQIqg"><a href="https://marekkuchcinski.pl/hu/kalendarium/1-czerwca/">június 1.</a></blockquote><iframe sandbox="allow-scripts" security="restricted" src="https://marekkuchcinski.pl/hu/kalendarium/1-czerwca/embed/#?secret=ToH16jQIqg" width="600" height="338" title="&#8220;1 czerwca&#8221; &#8212; Marek Kuchciński" data-secret="ToH16jQIqg" frameborder="0" marginwidth="0" marginheight="0" scrolling="no" class="wp-embedded-content"></iframe><script>
/*! This file is auto-generated */
!function(d,l){"use strict";l.querySelector&&d.addEventListener&&"undefined"!=typeof URL&&(d.wp=d.wp||{},d.wp.receiveEmbedMessage||(d.wp.receiveEmbedMessage=function(e){var t=e.data;if((t||t.secret||t.message||t.value)&&!/[^a-zA-Z0-9]/.test(t.secret)){for(var s,r,n,a=l.querySelectorAll('iframe[data-secret="'+t.secret+'"]'),o=l.querySelectorAll('blockquote[data-secret="'+t.secret+'"]'),c=new RegExp("^https?:$","i"),i=0;i<o.length;i++)o[i].style.display="none";for(i=0;i<a.length;i++)s=a[i],e.source===s.contentWindow&&(s.removeAttribute("style"),"height"===t.message?(1e3<(r=parseInt(t.value,10))?r=1e3:~~r<200&&(r=200),s.height=r):"link"===t.message&&(r=new URL(s.getAttribute("src")),n=new URL(t.value),c.test(n.protocol))&&n.host===r.host&&l.activeElement===s&&(d.top.location.href=t.value))}},d.addEventListener("message",d.wp.receiveEmbedMessage,!1),l.addEventListener("DOMContentLoaded",function(){for(var e,t,s=l.querySelectorAll("iframe.wp-embedded-content"),r=0;r<s.length;r++)(t=(e=s[r]).getAttribute("data-secret"))||(t=Math.random().toString(36).substring(2,12),e.src+="#?secret="+t,e.setAttribute("data-secret",t)),e.contentWindow.postMessage({message:"ready",secret:t},"*")},!1)))}(window,document);
</script>

Posiedzenie Sejmu Dzieci i Młodzież. &nbsp; Rocznica&nbsp; wymordowania przez hitlerowców ok. 200 mieszkańców wsi Sochy, województwo lubelskie (1943 r.). &nbsp; Rocznica urodzin Wasyla Wełyczkowskiego CSsR&nbsp; (ur. w Stanisławowie &#8211; zm. 30 czerwca 1973 w Winnipeg) – ukraińskiego duchownego katolickiego obrządku bizantyjsko-ukraińskiego, redemptorysty, Błogosławionego Kościoła Katolickiego. W 1920 wstąpił do Seminarium Duchownego we Lwowie. W 1925 [&hellip;]
