{"version":"1.0","provider_name":"Marek Kuchci\u0144ski","provider_url":"https:\/\/marekkuchcinski.pl\/en","title":"Budapeszt: Inauguracja Klub\u00f3w Europy Karpat w Scruton Cafe &#8211; Marek Kuchci\u0144ski","type":"rich","width":600,"height":338,"html":"<blockquote class=\"wp-embedded-content\" data-secret=\"9GEYh2pGEc\"><a href=\"https:\/\/marekkuchcinski.pl\/en\/wydarzenia\/budapeszt-inauguracja-klubow-europy-karpat-w-scruton-cafe\/\">Budapest: Inauguration of Carpathian Europe Clubs at Scruton Cafe<\/a><\/blockquote><iframe sandbox=\"allow-scripts\" security=\"restricted\" src=\"https:\/\/marekkuchcinski.pl\/en\/wydarzenia\/budapeszt-inauguracja-klubow-europy-karpat-w-scruton-cafe\/embed\/#?secret=9GEYh2pGEc\" width=\"600\" height=\"338\" title=\"&#8220;Budapeszt: Inauguracja Klub\u00f3w Europy Karpat w Scruton Cafe&#8221; &#8212; Marek Kuchci\u0144ski\" data-secret=\"9GEYh2pGEc\" frameborder=\"0\" marginwidth=\"0\" marginheight=\"0\" scrolling=\"no\" class=\"wp-embedded-content\"><\/iframe><script>\n\/*! This file is auto-generated *\/\n!function(d,l){\"use strict\";l.querySelector&&d.addEventListener&&\"undefined\"!=typeof URL&&(d.wp=d.wp||{},d.wp.receiveEmbedMessage||(d.wp.receiveEmbedMessage=function(e){var t=e.data;if((t||t.secret||t.message||t.value)&&!\/[^a-zA-Z0-9]\/.test(t.secret)){for(var s,r,n,a=l.querySelectorAll('iframe[data-secret=\"'+t.secret+'\"]'),o=l.querySelectorAll('blockquote[data-secret=\"'+t.secret+'\"]'),c=new RegExp(\"^https?:$\",\"i\"),i=0;i<o.length;i++)o[i].style.display=\"none\";for(i=0;i<a.length;i++)s=a[i],e.source===s.contentWindow&&(s.removeAttribute(\"style\"),\"height\"===t.message?(1e3<(r=parseInt(t.value,10))?r=1e3:~~r<200&&(r=200),s.height=r):\"link\"===t.message&&(r=new URL(s.getAttribute(\"src\")),n=new URL(t.value),c.test(n.protocol))&&n.host===r.host&&l.activeElement===s&&(d.top.location.href=t.value))}},d.addEventListener(\"message\",d.wp.receiveEmbedMessage,!1),l.addEventListener(\"DOMContentLoaded\",function(){for(var e,t,s=l.querySelectorAll(\"iframe.wp-embedded-content\"),r=0;r<s.length;r++)(t=(e=s[r]).getAttribute(\"data-secret\"))||(t=Math.random().toString(36).substring(2,12),e.src+=\"#?secret=\"+t,e.setAttribute(\"data-secret\",t)),e.contentWindow.postMessage({message:\"ready\",secret:t},\"*\")},!1)))}(window,document);\n<\/script>","thumbnail_url":"https:\/\/marekkuchcinski.pl\/wp-content\/uploads\/2022\/06\/287133530_766098791236018_3677367738293129420_n.jpg","thumbnail_width":1442,"thumbnail_height":960,"description":"13 czerwca w Budapeszcie odby\u0142 si\u0119 panel dyskusyjny w ramach inauguracji Klub\u00f3w Europy Karpat na temat stosunk\u00f3w polsko-w\u0119gierskich i wojny na Ukrainie. Udzia\u0142 w nim wzi\u0119li m.in. Ryszard Terlecki &#8211; marsza\u0142ek Sejmu RP Marek Kuchci\u0144ski, przewodnicz\u0105cy Komisji Spraw ZagranicznychBogus\u0142aw Sonik, pose\u0142 na Sejm RP Zsolt N\u00e9meth, przewodnicz\u0105cy Komisji Spraw Zagranicznych Zgromadzenia Narodowego W\u0119gier Bal\u00e1zs Orb\u00e1n, [&hellip;]"}

Marek Kuchciński

Budapeszt: Inauguracja Klubów Europy Karpat w Scruton Cafe &#8211; Marek Kuchciński

<blockquote class="wp-embedded-content" data-secret="9GEYh2pGEc"><a href="https://marekkuchcinski.pl/en/wydarzenia/budapeszt-inauguracja-klubow-europy-karpat-w-scruton-cafe/">Budapest: Inauguration of Carpathian Europe Clubs at Scruton Cafe</a></blockquote><iframe sandbox="allow-scripts" security="restricted" src="https://marekkuchcinski.pl/en/wydarzenia/budapeszt-inauguracja-klubow-europy-karpat-w-scruton-cafe/embed/#?secret=9GEYh2pGEc" width="600" height="338" title="&#8220;Budapeszt: Inauguracja Klubów Europy Karpat w Scruton Cafe&#8221; &#8212; Marek Kuchciński" data-secret="9GEYh2pGEc" frameborder="0" marginwidth="0" marginheight="0" scrolling="no" class="wp-embedded-content"></iframe><script>
/*! This file is auto-generated */
!function(d,l){"use strict";l.querySelector&&d.addEventListener&&"undefined"!=typeof URL&&(d.wp=d.wp||{},d.wp.receiveEmbedMessage||(d.wp.receiveEmbedMessage=function(e){var t=e.data;if((t||t.secret||t.message||t.value)&&!/[^a-zA-Z0-9]/.test(t.secret)){for(var s,r,n,a=l.querySelectorAll('iframe[data-secret="'+t.secret+'"]'),o=l.querySelectorAll('blockquote[data-secret="'+t.secret+'"]'),c=new RegExp("^https?:$","i"),i=0;i<o.length;i++)o[i].style.display="none";for(i=0;i<a.length;i++)s=a[i],e.source===s.contentWindow&&(s.removeAttribute("style"),"height"===t.message?(1e3<(r=parseInt(t.value,10))?r=1e3:~~r<200&&(r=200),s.height=r):"link"===t.message&&(r=new URL(s.getAttribute("src")),n=new URL(t.value),c.test(n.protocol))&&n.host===r.host&&l.activeElement===s&&(d.top.location.href=t.value))}},d.addEventListener("message",d.wp.receiveEmbedMessage,!1),l.addEventListener("DOMContentLoaded",function(){for(var e,t,s=l.querySelectorAll("iframe.wp-embedded-content"),r=0;r<s.length;r++)(t=(e=s[r]).getAttribute("data-secret"))||(t=Math.random().toString(36).substring(2,12),e.src+="#?secret="+t,e.setAttribute("data-secret",t)),e.contentWindow.postMessage({message:"ready",secret:t},"*")},!1)))}(window,document);
</script>

13 czerwca w Budapeszcie odbył się panel dyskusyjny w ramach inauguracji Klubów Europy Karpat na temat stosunków polsko-węgierskich i wojny na Ukrainie. Udział w nim wzięli m.in. Ryszard Terlecki &#8211; marszałek Sejmu RP Marek Kuchciński, przewodniczący Komisji Spraw ZagranicznychBogusław Sonik, poseł na Sejm RP Zsolt Németh, przewodniczący Komisji Spraw Zagranicznych Zgromadzenia Narodowego Węgier Balázs Orbán, [&hellip;]
