{"version":"1.0","provider_name":"Marek Kuchci\u0144ski","provider_url":"https:\/\/marekkuchcinski.pl\/cs","title":"Podsumowanie miesi\u0105ca: MAJ &#8211; Marek Kuchci\u0144ski","type":"rich","width":600,"height":338,"html":"<blockquote class=\"wp-embedded-content\" data-secret=\"td428UlouC\"><a href=\"https:\/\/marekkuchcinski.pl\/cs\/prawo-i-sprawiedliwosc\/podsumowanie-miesiaca-maj\/\">Shrnut\u00ed m\u011bs\u00edce: M\u00c1J<\/a><\/blockquote><iframe sandbox=\"allow-scripts\" security=\"restricted\" src=\"https:\/\/marekkuchcinski.pl\/cs\/prawo-i-sprawiedliwosc\/podsumowanie-miesiaca-maj\/embed\/#?secret=td428UlouC\" width=\"600\" height=\"338\" title=\"&#8222;Podsumowanie miesi\u0105ca: MAJ&#8220; &#8212; Marek Kuchci\u0144ski\" data-secret=\"td428UlouC\" frameborder=\"0\" marginwidth=\"0\" marginheight=\"0\" scrolling=\"no\" class=\"wp-embedded-content\"><\/iframe><script>\n\/*! This file is auto-generated *\/\n!function(d,l){\"use strict\";l.querySelector&&d.addEventListener&&\"undefined\"!=typeof URL&&(d.wp=d.wp||{},d.wp.receiveEmbedMessage||(d.wp.receiveEmbedMessage=function(e){var t=e.data;if((t||t.secret||t.message||t.value)&&!\/[^a-zA-Z0-9]\/.test(t.secret)){for(var s,r,n,a=l.querySelectorAll('iframe[data-secret=\"'+t.secret+'\"]'),o=l.querySelectorAll('blockquote[data-secret=\"'+t.secret+'\"]'),c=new RegExp(\"^https?:$\",\"i\"),i=0;i<o.length;i++)o[i].style.display=\"none\";for(i=0;i<a.length;i++)s=a[i],e.source===s.contentWindow&&(s.removeAttribute(\"style\"),\"height\"===t.message?(1e3<(r=parseInt(t.value,10))?r=1e3:~~r<200&&(r=200),s.height=r):\"link\"===t.message&&(r=new URL(s.getAttribute(\"src\")),n=new URL(t.value),c.test(n.protocol))&&n.host===r.host&&l.activeElement===s&&(d.top.location.href=t.value))}},d.addEventListener(\"message\",d.wp.receiveEmbedMessage,!1),l.addEventListener(\"DOMContentLoaded\",function(){for(var e,t,s=l.querySelectorAll(\"iframe.wp-embedded-content\"),r=0;r<s.length;r++)(t=(e=s[r]).getAttribute(\"data-secret\"))||(t=Math.random().toString(36).substring(2,12),e.src+=\"#?secret=\"+t,e.setAttribute(\"data-secret\",t)),e.contentWindow.postMessage({message:\"ready\",secret:t},\"*\")},!1)))}(window,document);\n<\/script>","thumbnail_url":"https:\/\/marekkuchcinski.pl\/wp-content\/uploads\/2018\/06\/KU317068-1.jpg","thumbnail_width":1901,"thumbnail_height":1342,"description":"\u015broda, 2 maja LIST: Dzie\u0144 Flagi \u00a0\u00a0\u00a0\u00a0 czwartek, 3 maja Przemy\u015bl: Obchody \u015awi\u0119ta Konstytucji 3 maja.\u00a0\u2013 Konstytucja 3 maja by\u0142a dzie\u0142em Sejmu Czteroletniego, ale by\u0142a tak\u017ce zwie\u0144czeniem wieloletnich wysi\u0142k\u00f3w naprawy pa\u0144stwa polskiego, wyrazem m\u0105dro\u015bci zbiorowej Polak\u00f3w, d\u0105\u017c\u0105cych do naprawy w\u0142asnego pa\u0144stwa pogr\u0105\u017conego w kryzysie oraz\u00a0dowodem na mo\u017cliwo\u015b\u0107 zawarcia kompromisu mi\u0119dzy majestatem Rzeczypospolitej w osobie kr\u00f3la [&hellip;]"}

Marek Kuchciński

Podsumowanie miesiąca: MAJ &#8211; Marek Kuchciński

<blockquote class="wp-embedded-content" data-secret="td428UlouC"><a href="https://marekkuchcinski.pl/cs/prawo-i-sprawiedliwosc/podsumowanie-miesiaca-maj/">Shrnutí měsíce: MÁJ</a></blockquote><iframe sandbox="allow-scripts" security="restricted" src="https://marekkuchcinski.pl/cs/prawo-i-sprawiedliwosc/podsumowanie-miesiaca-maj/embed/#?secret=td428UlouC" width="600" height="338" title="&#8222;Podsumowanie miesiąca: MAJ&#8220; &#8212; Marek Kuchciński" data-secret="td428UlouC" frameborder="0" marginwidth="0" marginheight="0" scrolling="no" class="wp-embedded-content"></iframe><script>
/*! This file is auto-generated */
!function(d,l){"use strict";l.querySelector&&d.addEventListener&&"undefined"!=typeof URL&&(d.wp=d.wp||{},d.wp.receiveEmbedMessage||(d.wp.receiveEmbedMessage=function(e){var t=e.data;if((t||t.secret||t.message||t.value)&&!/[^a-zA-Z0-9]/.test(t.secret)){for(var s,r,n,a=l.querySelectorAll('iframe[data-secret="'+t.secret+'"]'),o=l.querySelectorAll('blockquote[data-secret="'+t.secret+'"]'),c=new RegExp("^https?:$","i"),i=0;i<o.length;i++)o[i].style.display="none";for(i=0;i<a.length;i++)s=a[i],e.source===s.contentWindow&&(s.removeAttribute("style"),"height"===t.message?(1e3<(r=parseInt(t.value,10))?r=1e3:~~r<200&&(r=200),s.height=r):"link"===t.message&&(r=new URL(s.getAttribute("src")),n=new URL(t.value),c.test(n.protocol))&&n.host===r.host&&l.activeElement===s&&(d.top.location.href=t.value))}},d.addEventListener("message",d.wp.receiveEmbedMessage,!1),l.addEventListener("DOMContentLoaded",function(){for(var e,t,s=l.querySelectorAll("iframe.wp-embedded-content"),r=0;r<s.length;r++)(t=(e=s[r]).getAttribute("data-secret"))||(t=Math.random().toString(36).substring(2,12),e.src+="#?secret="+t,e.setAttribute("data-secret",t)),e.contentWindow.postMessage({message:"ready",secret:t},"*")},!1)))}(window,document);
</script>

środa, 2 maja LIST: Dzień Flagi      czwartek, 3 maja Przemyśl: Obchody Święta Konstytucji 3 maja. – Konstytucja 3 maja była dziełem Sejmu Czteroletniego, ale była także zwieńczeniem wieloletnich wysiłków naprawy państwa polskiego, wyrazem mądrości zbiorowej Polaków, dążących do naprawy własnego państwa pogrążonego w kryzysie oraz dowodem na możliwość zawarcia kompromisu między majestatem Rzeczypospolitej w osobie króla [&hellip;]
